{"id":3052,"date":"2025-06-25T07:50:13","date_gmt":"2025-06-25T07:50:13","guid":{"rendered":"https:\/\/www.tdpt.dima.tuiasi.ro\/?page_id=3052"},"modified":"2026-03-27T20:37:37","modified_gmt":"2026-03-27T20:37:37","slug":"in-memoriam-2","status":"publish","type":"page","link":"https:\/\/www.tdpt.dima.tuiasi.ro\/index.php\/in-memoriam-2\/","title":{"rendered":"In Memoriam"},"content":{"rendered":"\n<p><\/p>\n\n\n\n<p>Cu profund\u0103 recuno\u0219tin\u021b\u0103 \u0219i respect, ne plec\u0103m frun\u021bile \u00een amintirea profesorilor care ne-au p\u0103r\u0103sit, dar care r\u0103m\u00e2n ve\u0219nic prezen\u021bi prin contribu\u021biile lor remarcabile \u0219i prin impactul durabil asupra genera\u021biilor de studen\u021bi \u0219i colegi. Le p\u0103str\u0103m vie memoria \u0219i ne exprim\u0103m admira\u021bia pentru d\u0103ruirea, pasiunea \u0219i rigoarea cu care au slujit educa\u021bia.<\/p>\n\n\n\n<p><\/p>\n\n\n\n<ul class=\"wp-block-list\">\n<li>Prof. dr. ing.<mark style=\"background-color:rgba(0, 0, 0, 0)\" class=\"has-inline-color has-green-color\"> <strong>Vasile Hanganu<\/strong><\/mark><\/li>\n\n\n\n<li>Prof. dr. ing.<mark style=\"background-color:rgba(0, 0, 0, 0)\" class=\"has-inline-color has-green-color\"> <strong>Olimpia Marchis<\/strong><\/mark><\/li>\n\n\n\n<li>Prof. dr. ing. <strong><mark style=\"background-color:rgba(0, 0, 0, 0)\" class=\"has-inline-color has-green-color\">Daniel Chinciu<\/mark><\/strong><\/li>\n\n\n\n<li>Prof. dr. ing. <mark style=\"background-color:rgba(0, 0, 0, 0)\" class=\"has-inline-color has-green-color\"><strong><a href=\"http:\/\/www.tdpt.dima.tuiasi.ro\/wp-content\/uploads\/2015\/05\/CV_Preda_Constantin.pdf\">Constantin Preda<\/a><\/strong><\/mark><\/li>\n\n\n\n<li>Prof. dr. ing. <strong><mark style=\"background-color:rgba(0, 0, 0, 0)\" class=\"has-inline-color has-green-color\"><a href=\"http:\/\/www.tdpt.dima.tuiasi.ro\/wp-content\/uploads\/2015\/05\/CV_Cuzic_Carmen.pdf\">Carmen Cuzic Zvonaru<\/a><\/mark><\/strong><\/li>\n\n\n\n<li>Prof. dr. ing. <strong><mark style=\"background-color:rgba(0, 0, 0, 0)\" class=\"has-inline-color has-green-color\"><a href=\"http:\/\/www.tdpt.dima.tuiasi.ro\/wp-content\/uploads\/2015\/05\/Ciocoiu_Mihai.pdf\">Mihai Ciocoiu<\/a><\/mark><\/strong><\/li>\n\n\n\n<li>Prof. dr. ing. <strong><mark style=\"background-color:rgba(0, 0, 0, 0)\" class=\"has-inline-color has-green-color\">Mircea Netea<\/mark><\/strong><\/li>\n\n\n\n<li>Conf. dr. ing.<strong> <a href=\"http:\/\/www.tdpt.dima.tuiasi.ro\/wp-content\/uploads\/2015\/05\/Hristian_Liliana.pdf\"><mark style=\"background-color:rgba(0, 0, 0, 0)\" class=\"has-inline-color has-green-color\">Liliana Hristian<\/mark><\/a><\/strong><\/li>\n\n\n\n<li>Conf. dr. ing. <mark style=\"background-color:rgba(0, 0, 0, 0)\" class=\"has-inline-color has-green-color\"><strong>Marius Caraiman<\/strong><\/mark><\/li>\n\n\n\n<li>Prof. dr. ing. <a href=\"http:\/\/www.tdpt.dima.tuiasi.ro\/wp-content\/uploads\/2015\/05\/Bordeianu_Demetra_Lacramioara.pdf\"><strong>Bordeianu Demetra<\/strong><\/a><\/li>\n<\/ul>\n\n\n\n<p><\/p>\n","protected":false},"excerpt":{"rendered":"<p>Cu profund\u0103 recuno\u0219tin\u021b\u0103 \u0219i respect, ne plec\u0103m frun\u021bile \u00een amintirea profesorilor care ne-au p\u0103r\u0103sit, dar care r\u0103m\u00e2n ve\u0219nic prezen\u021bi prin contribu\u021biile lor remarcabile \u0219i prin impactul durabil asupra genera\u021biilor de &#8230;<\/p>\n","protected":false},"author":2,"featured_media":0,"parent":0,"menu_order":0,"comment_status":"closed","ping_status":"closed","template":"","meta":{"footnotes":""},"class_list":["post-3052","page","type-page","status-publish","hentry"],"_links":{"self":[{"href":"https:\/\/www.tdpt.dima.tuiasi.ro\/index.php\/wp-json\/wp\/v2\/pages\/3052","targetHints":{"allow":["GET"]}}],"collection":[{"href":"https:\/\/www.tdpt.dima.tuiasi.ro\/index.php\/wp-json\/wp\/v2\/pages"}],"about":[{"href":"https:\/\/www.tdpt.dima.tuiasi.ro\/index.php\/wp-json\/wp\/v2\/types\/page"}],"author":[{"embeddable":true,"href":"https:\/\/www.tdpt.dima.tuiasi.ro\/index.php\/wp-json\/wp\/v2\/users\/2"}],"replies":[{"embeddable":true,"href":"https:\/\/www.tdpt.dima.tuiasi.ro\/index.php\/wp-json\/wp\/v2\/comments?post=3052"}],"version-history":[{"count":13,"href":"https:\/\/www.tdpt.dima.tuiasi.ro\/index.php\/wp-json\/wp\/v2\/pages\/3052\/revisions"}],"predecessor-version":[{"id":3153,"href":"https:\/\/www.tdpt.dima.tuiasi.ro\/index.php\/wp-json\/wp\/v2\/pages\/3052\/revisions\/3153"}],"wp:attachment":[{"href":"https:\/\/www.tdpt.dima.tuiasi.ro\/index.php\/wp-json\/wp\/v2\/media?parent=3052"}],"curies":[{"name":"wp","href":"https:\/\/api.w.org\/{rel}","templated":true}]}}